 + 9 + -6 + 3 + (-1 - -36)?
44
-13 + (39 + -40 - -14) - (-2 + -84)
86
-49 + 32 + 16 + -3 + (-1 - -8)
3
-36 + (33 - 58) + 39 - 55
-77
-5 + (-2 + 12 - (31 + (14 - 15) + -22))
-3
What is 1 + -73 + 109 - -15?
52
Calculate -7 + -3 + 0 - (-25 + -17 + 5).
27
What is the value of -1 + 20 + 14 + 0 + 11?
44
Calculate (10 + 25 - 5) + -94 + 11.
-53
6 + 0 + (-5 + -3 - -8) - (-2 + 59)
-51
Evaluate 6 + (1 - -4 - ((-14 + -41 - 5) + 8)).
63
Evaluate 22 - (27 - (0 + 17) - -14).
-2
What is the value of 18 - -7 - (-6 - (-20 - 13))?
-2
Evaluate (1 + 10 - (12 + (-6 - -22))) + (-42 - -40).
-19
Calculate 2465 + -2353 - (112 - -3).
-3
Evaluate (1 - (14 + (9 - 23) + 5)) + -6 - -27.
17
Evaluate -19 - (40 + -67) - ((-1 - 0) + -1).
10
Calculate -192 - -184 - (-30 + (-2 - (-8 + 4))).
20
What is -12 - (-5 - ((-17 - -20) + 11)) - (0 + 57)?
-50
Evaluate 139 + (-4 - 33) + 7 + -7.
102
((-12 - -16) + -2 - (6 + 1)) + -15 + -5
-25
What is the value of -42 - ((-14 - (0 - 11 - 3)) + 3)?
-45
What is the value of -878 + 909 - (24 - (-2 + 5))?
10
Evaluate (10 - (-23 - -46)) + 55.
42
What is the value of -18 + -54 + 33 + 26 + -8?
-21
What is -6 - 3 - (-19 + 7 - 44 - -14)?
33
What is the value of -9 - ((4 - (-29 - (17 - 31))) + (2 - 4))?
-26
Evaluate 54 - (54 + (-65 - -49)).
16
(-12 - (33 - (-32 + 58))) + -66
-85
What is (-46 - -3) + 62 + 9?
28
Calculate 25 + (-23 - 23) + 101 - (4 - -7).
69
Calculate (-8 - (18 + -17)) + 5 + 0 + -11 + 56.
41
What is (-69 - -117) + (-5 - 21)?
22
Calculate (82 - 1) + -5 + (3 - 13) + (2 - 7).
61
What is the value of (-13 - -5) + -3 - (33 + -25)?
-19
What is the value of -19 + (30 - 7) - -47?
51
Calculate -17 + 37 + -16 - (5 + 5 - -49).
-55
What is the value of 43 - (73 + -29 + 21)?
-22
Calculate 44 + -567 + 572 + (1 - 21) + 4.
33
What is the value of 114 + -121 + (-6 - 50)?
-63
Evaluate -8 + (26 + 16 - 26) - (-2 + 9).
1
What is 57 - (-26 + (174 - 39))?
-52
17 - (1 + 54) - 8
-46
(51 - (77 - 41) - (-2 - -6 - 2)) + -55
-42
What is -4 - (10 - ((15 + -8 - 2 - 12) + 53))?
32
What is the value of 34 - (106 + 93 - 132)?
-33
Evaluate -5 + (4 - (-21 - -3)) + 101 + -121.
-3
What is the value of 12 + (121 + -124 - (-4 - -2)) - (1 - -29)?
-19
What is -455 + 554 - (-9 + 186)?
-78
What is the value of (-62 - -6) + -505 + 496?
-65
What is 1 + -3 + -1 - (-63 + (-11 - (-14 - 48)))?
9
(232 - 119) + -111 + 65
67
0 - 8 - ((-39 - -4) + 7 + 5 + -3)
18
Evaluate (-61 - (10 - 66)) + 37 + (2 - 2).
32
173 + -137 - (-9 + -4) - -25
74
What is the value of 6 + (-3 - -31) + -20 + 25?
39
Calculate -124 + (80 - -32) + 0 + 44.
32
What is the value of (31 - 40 - 4 - -148) + -47?
88
38 - ((90 - 26 - 85) + 0 + 1)
58
What is -78 + (1 - -6 - (24 + -10 + -19))?
-66
What is the value of 11 + (-11 - -12 - (-3 + 7 + -59))?
67
Calculate 13 - (-2 - 1 - (-38 + 32)) - (20 - 67).
57
What is the value of (16 + -10 + -1 - 0 - 11) + -45 + 3?
-48
What is -9 + (13 - -5 - 8) + -4 + 11 + 48?
56
13 - (-13 - (3 + (24 - 23)))
30
What is the value of -11 + 4 - (12 + (11 - 15 - -4 - 93))?
74
What is (3 - -2) + (-5 + 5 - 3) + (2219 - 2070)?
151
Calculate (22 - (8 - 5 - -13)) + 84.
90
(7 - (2 + -1)) + -186 + 146 - (38 - 24)
-48
What is the value of (31 - ((15 - 67) + 79)) + (1 - 0) + -38?
-33
Calculate -26 + 12 + 6 - (-6 + 1).
-3
What is the value of 23 + (2 - -9) + (-88 - -92)?
38
What is the value of 3 + -4 - (-84 + 16 + 58)?
9
-7 - (3 + (4 - 11)) - (13 - (24 - -11))
19
What is -76 - (-65 + -14) - -90?
93
What is 19 - (1 - 0 - (20 + -19 - 1)) - -10?
28
Calculate 5 + (-12 - ((12 - -3) + -26 + -26 + 43)).
-13
Evaluate -94 - -125 - 66 - -22.
-13
(-26 - -5) + 32 + 0 + (-42 - 2)
-33
Calculate -12 - (-3 + 0 + -2 - (77 + 0)) - 10.
60
What is -58 + 14 + -11 - -11 - (-3 + -2)?
-39
Evaluate (-51 - -53) + (6 - (99 + (31 - 17))).
-105
What is -91 - (-20 + -56 + -11)?
-4
2 - (-4 - (14 - 22) - 34)
32
What is -116 + (-9 - (-26 - 0))?
-99
(76 + -3 - (-125 + 144)) + -2 + 0
52
Calculate -11 - 9 - (12 - -10 - (106 - -44)).
108
What is the value of (-42 - -29 - (7 + 61 + 13)) + (-5 - 0)?
-99
Evaluate 3 + 7 + 10 + 6 + (-23 - -4).
7
Evaluate -12 + (-32 - 53) + 62.
-35
What is the value of 105 + -80 + 1 + 8 - (-9 + -2)?
45
What is the value of (12 - ((41 - 9) + -9)) + -13?
-24
What is 65 + -41 + (-29 - -46)?
41
Evaluate 26 - ((-54 - -154) + -39).
-35
What is the value of (2 - 11 - (141 - 154)) + 29 + -12?
21
0 + -16 + (-20 - (18 - 18)) + 2
-34
What is the value of -116 - (137 - 61 - 143)?
-49
Evaluate (104 + -36 - 125) + 88.
31
Evaluate (20 - (3 - 3)) + 1237 + -1198.
59
Evaluate (41 - -2) + -220 + 163.
-14
What is the value of (11 - 16) + 141 - -21 - 17?
140
What is 10 - 3 - -14 - (70 - 51) - (-76 + -2)?
80
What is (-2 - (60 + -80)) + -16?
2
What is the value of 45 + -1061 + 1072 + 8 + 0 + 1?
65
What is 4 + 2 - 0 - (-11 - 0 - 16)?
33
Calculate (72 - 112) + 53 - 20.
-7
Calculate 38 - (-12 + 4 + 51 - 21).
16
Evaluate (23 - (-31 - (8 - 100))) + -29.
-67
-1 + 30 + (27 - (70 + (-42 - -8)))
20
Evaluate 94 - (83 - -7) - ((1 - -1) + 0 + 63).
-61
Evaluate -16 + -145 + 204 - 149.
-106
What is the value of 37 + -2 - ((-6 - -53) + -28)?
16
Evaluate 38 + -204 + 220 + 3 + -6 + -5 + 2.
48
(114 - 134) + (-2 - -14) + 4
-4
2 - (-15 - -3) - (87 - (87 + 22))
36
Calculate 3 - (3 - 1) - -40 - ((112 - -41) + -162).
50
Calculate 24 + (-36 - -74) - 34.
28
Evaluate 7 - (13 - (-14 + 27 + 5 + 19)).
31
Calculate -5182 + 5152 + (-1 + 0 - -42).
11
What is 3 + -56 - (-9 + (10 - 21 - -20) + -5)?
-48
Calculate 9 + 0 + 0 + (16 - 32) - (-1 - 2).
-4
Evaluate (-17 - (-2 - 29)) + (-60 + -4 - 5).
-55
Evaluate -22 + (20 + -68 - -52).
-18
What is -13 - (5 + -12 - (-4 - 7)) - (-16 + 21)?
-22
Calculate (1 + -21 + (-71 - -65) - -6) + 13.
-7
Calculate 24 - -41 - (98 - 102).
69
What is the value of (4 + 5 - 19) + -3 + 2 + (1 - -99)?
89
8 + -74 + -25 + -22 + -8
-121
(4 - 57) + 39 - (-2 - 40 - (-1 - -8))
35
Evaluate -26 + (7 - (12 - 15)) - 13.
-29
What is the value of 26 + -17 + 4 - 92 - -28?
-51
What is the value of -60 - (11 - (17 + 5 + -11 + -3))?
-63
Evaluate 2 + 0 - (226 + -263).
39
Calculate (-3 - -5) + 55 + -3 + 2 + (-14 - -4).
46
4 + (10 - (-4 - (1 + 26))) + (16 - 7)
54
Evaluate (9 - 57) + 24 + 45.
21
What is (-25 - -19) + 21 + -40 + 25?
0
Calculate 12 - 15 - -13 - ((24 - 5) + (4 - 6)).
-7
What is the value of (640 - 620) + 0 + -3 + 1?
18
Evaluate -1962 + 1985 - (0 + -1 - -2) - -16.
38
Calculate -31 - (-22 - (29 - 26 - -20)).
14
Evaluate -45 + (-30 - (-49 + 35)).
-61
What is -23 + 7 - ((-3 - -2) + -1 - (-54 - -41))?
-27
28 + -15 - (14 + -3) - (-2 - (2 - -86))
92
57 + -36 - 43 - (40 - (-7 + 4))
-65
Evaluate -34 + 1 + (16 - ((32 - 10) + -4 + -12)).
-23
What is the value of (22 - 12) + -8 - (9 - -48 - 10)?
-45
Evaluate -147 - (-15 + 0 - (58 + -48 + -2) - -10).
-134
What is the value of 10 + (7 + (19 - -1) - 13) + -55?
-31
Calculate (18 + 8 - 25 - (5 + 9)) + -8.
-21
Calculate (-45 + 14 - -41) + 24 - 50.
-16
(21 - 1) + (-29 - 2 - (11 - 11))
-11
What is (-200 + 86 - -113) + (-1 - 0) + -7?
-9
What is the value of -5 + 1 - (3 + -2 - 11 - (-1205 - -1194))?
-5
-115 - ((-92 - 12) + 25)
-36
Calculate 14 + 12 - (-181 - -298).
-91
Evaluate -681 + 623 - (-62 + -4).
8
Calculate 3278 - 3280 - (-1 - 5) - (-1 - -2 - -68).
-65
What is -70 + (-1 + 17 - (36 + (-44 - -13)))?
-59
What is -17 + (9 - 36 - -6)?
-38
Evaluate (5 + 2 - (32 + -45 - -15)) + -12 + 26.
19
Evaluate 108 + -306 + 10 + 74.
-114
Calculate 4 + (5 - 2) + -5 + 36 + 19 + -8.
49
Evaluate (23 - -58 - 9) + -87 - ((1 - 0) + 80).
-96
(7 - 96) + -289 + 298
-80
What is the value of 22 + -41 - -7 - 12 - (7 + 5)?
-36
What is the value of (-220 + 27 - -125) + -1 + 19?
-50
-4 - (51 + -29 + 7 + -20 + 1)
-14
What is the value of -55 + -23 + (11 + -8 - 9 - -5)?
-79
What is -46 - (49 - 13 - 31 - ((-1 - 1) + 2))?
-51
Calculate 48 - (48 + (-14 - 77 - -4)).
87
Evaluate (-32 - (9 + -21)) + 8.
-12
What is the value of -2 + 0 - (-51 - -1) - (2546 - 2560)?
62
Calculate 38 + (8 + 14 - (-12 - -147)).
-75
368 + -302 - (4 + 5)
57
What is (-17 - ((15 - 32) + 13 + 1)) + 31?
17
What is (-29 - 1) + -1087 + 1172?
55
Evaluate -84 + 105 - 136 - -28.
-87
What is the value of -4 + (7 - 5) - ((-9 - -2) + 5 - -6)?
-6
What is the value of (-23 - (-68 + 14)) + -38?
-7
Calculate 10 + (20 - (7 + 1 + -2)) + -12.
12
Evaluate (-60 - (-45 - 39)) + 33.
57
Calculate 3194 + -3089 -